et i(j) = 9*j - 30. Let u be i(5). Let t = u + -242. Let q = 341 + t. What are the prime factors of q?
2, 3, 19
Suppose -15*g = -106 + 766. Let f = g - -54. Let x(h) = h**3 - 11*h**2 + 16*h - 9. List the prime factors of x(f).
3, 17
Suppose -5*s - 4*c + 102804 = 0, 3*s + 3*c - 61624 = 59. What are the prime factors of s?
2, 5, 257
Let k(i) = i**2 - 349*i - 136. List the prime factors of k(-48).
2, 5, 11, 43
List the prime factors of ((-30382)/6)/(-1) - 14/105*5.
61, 83
Suppose 116 = -4*d - 196. Let l be (-1)/(-2) - (d/12 + 2). Suppose 3*g - 603 = -3*v, -588 = -l*g + 3*v + 433. List the prime factors of g.
7, 29
Suppose -18650 = h - 9*h - 802. List the prime factors of h.
23, 97
Suppose 0 = -4*o - 92 + 548. Let t(n) = -130*n + 3875. Let a be t(28). Let v = a - o. List the prime factors of v.
11
Let h(a) = -2*a**2 + 37*a + 22. Let d be h(19). What are the prime factors of 251/d + -3 + (-7)/(-3)?
83
List the prime factors of -2 + (4 - 5) - -2628.
3, 5, 7
Let r(a) = -a**3 + 17*a**2 + 29*a - 62. Suppose -2*i + 48 = -4*v, 34 - 79 = -3*i - 3*v. List the prime factors of r(i).
2, 17
Let w(v) = 0*v - v - 50 - v + 2*v**2 - 4. List the prime factors of w(15).
2, 3, 61
Let p be (-8)/(-20) - ((-27886)/10 - 4). Suppose -300 = 9*k - p. List the prime factors of k.
277
Suppose 37*u + 17*u - 178632 = 0. What are the prime factors of u?
2, 827
Suppose 26*u + 49 - 855 = 0. Suppose u*d = 21*d + 3890. What are the prime factors of d?
389
Let u(b) = -139 + 186 + 101 + 53*b. List the prime factors of u(12).
2, 7
Suppose 4*u = 5*h + 513, 210 = -2*h + 3*u + u. Suppose -f = -k - 2*f - 7, 0 = -2*k + 3*f - 9. Let g = k - h. What are the prime factors of g?
5, 19
Let x = -6792 + 9589. What are the prime factors of x?
2797
Suppose -13*n + 46182 + 26176 = 0. What are the prime factors of n?
2, 11, 23
Suppose c = -2*c. Let h be (7 - 16) + 712 - (0 + c). Suppose -3108 + h = -13*i. List the prime factors of i.
5, 37
Let w be (1 - 4)/((-1314)/654 - -2). Suppose -w - 281 = -8*q. List the prime factors of q.
2, 19
Let g(f) = -11*f**3 - f**2 + 245*f + 2296. What are the prime factors of g(-9)?
7, 31, 37
Suppose 0 = 5*n - 3*q + 2, 2*n + 3 = 4*q - 9. Suppose 2*u + 1905 = 5*l, -n*u = -0*u. List the prime factors of l.
3, 127
Let f(d) = 4*d**2 - 2*d - 1. Let l be f(3). Let y = 33 - l. What are the prime factors of (-7)/y*(-23 - -7)?
2, 7
Suppose -8*a = 4*a - 2292. Let l = -21 + 21. Suppose l = j - 4*o - 146, -5*j + a = -4*j + 5*o. What are the prime factors of j?
2, 83
Let o = 1567 + -707. Suppose -o = -j + 194. List the prime factors of j.
2, 17, 31
Let z = -182 + 233. Suppose -z*m + 50*m = -501. List the prime factors of m.
3, 167
Suppose -5*i + 22672 + 11163 = 0. Suppose -31*f = -22528 - i. What are the prime factors of f?
3, 5, 7
Let n = 29 - -27. Let b = n - 52. Suppose 574 = 5*f - f - x, 0 = b*f + 2*x - 580. List the prime factors of f.
2, 3
Let u(y) = -658*y + 24. What are the prime factors of u(-10)?
2, 13, 127
Let n(a) = -14*a**2 - 9*a - 1. Let v be 1 + (8/6)/(14/21). Let k be n(v). Let b = -71 - k. List the prime factors of b.
83
Suppose 0 - 20 = 4*x. Let t(n) = -4*n**3 + 3*n**2 + n + 2. Let h be t(x). Suppose 4*j + 132 = h. List the prime factors of j.
2, 5, 11
What are the prime factors of (-4)/(-3) + 92897/21 + 11?
2, 1109
Let d = -1368 - -832. Let k be 5 - (3 + 2 + d). Let q = k - 372. What are the prime factors of q?
2, 41
What are the prime factors of ((-12)/22)/(198/(-15778884))?
2, 10867
Let g = 12 - -85. Let u be (2 + g/2)*2. Suppose u = -3*j + 4*j. List the prime factors of j.
101
Let o = -546 - -267. Let x = -168 - o. What are the prime factors of x?
3, 37
Suppose -5*m = -4*s - 3, -m + 4*m - 21 = -4*s. Suppose 0*l - m*l - 288 = -3*a, -20 = 4*l. List the prime factors of a.
7, 13
Suppose -4*q + 2027 = 3*m - 3983, q - 4*m - 1512 = 0. What are the prime factors of q?
2, 47
Let b(h) = 4 + h**3 + 31*h - 8 - 36*h - 7. What are the prime factors of b(4)?
3, 11
Suppose 0 = -11*m + 12 + 21. List the prime factors of 290320/192 + m/(-36).
2, 3, 7
Suppose 5*n - n = -47586 + 139182. What are the prime factors of n?
3, 17, 449
Let d = 2 - 0. Let t be -2 + (-254)/(d/(-1)). Suppose -t = -3*f + 13. List the prime factors of f.
2, 23
Let m = 2215 - 1123. Suppose 5148 - m = 24*a. What are the prime factors of a?
13
Let v(q) = 5 + 68*q + 10*q**2 - 135*q + 70*q. What are the prime factors of v(-6)?
347
Suppose -7*v = -4*v. Suppose v*c + 5 = c. Suppose -3*a + 291 = -c*p, -5*p + 403 = 4*a + 50. What are the prime factors of a?
2, 23
Let b = -67 + 114. Let f = 49 - b. List the prime factors of 2*f + (-187)/(-17).
3, 5
Let v(m) = 313*m - 32. Let f be v(-4). Let z = -512 - f. What are the prime factors of z?
2, 193
What are the prime factors of (80/(-180))/((-2)/73422)?
2, 4079
Let g(m) = -211*m**2 - 2*m - 16. Let n be g(-6). Let d be n/(-32) + 2/4. Suppose 0 = 2*r - 3*u - d, -r - 3*r - 2*u + 492 = 0. What are the prime factors of r?
2, 61
Suppose 10*r - 2*r - 32 = 0. Let j be 16/28 + (-24)/(-7). Suppose 5*t = r*d - 303, -3*t - 1 = -j*t. List the prime factors of d.
7, 11
Suppose -44*u + 2579 = -3704 - 18137. List the prime factors of u.
3, 5, 37
Suppose -124*o - 149*o = -113028 - 317493. What are the prime factors of o?
19, 83
Let s be -1 + (105/3)/(-5)*-1. Suppose -15 = -3*t, t - 321 = -o - s. What are the prime factors of o?
2, 5, 31
Let j be (-121)/33 - (-1)/(-5 - -2). Let m be ((j + 3)*-31)/1. Suppose -m = -2*b - v, -2*v + 7*v = -5*b + 90. List the prime factors of b.
13
Let p(t) = 6*t + 17. Let v be p(6). Let l = v + -58. List the prime factors of (-1 - 77/l)*(-20)/(-6).
2, 3
Let c be -2*839/18 + 16/72. Let o = c - -697. List the prime factors of o.
2, 151
Let y(x) = -3*x**3 - 2*x**2 + 18*x + 155. What are the prime factors of y(-8)?
3, 11, 43
Let w(y) = 6*y - y**2 + 494 - 1427*y**3 - 18 + 1426*y**3. List the prime factors of w(0).
2, 7, 17
Suppose 0 = -86*o + 82*o + 3*i + 41390, -4*o - 3*i + 41378 = 0. List the prime factors of o.
2, 7, 739
Let q be (-57)/(-5) + -3*2/15. Suppose -7*u - 424 = -q*u. Suppose 0*z + 2*z - u = 0. List the prime factors of z.
53
Let g(c) = -1097*c + 166. What are the prime factors of g(-6)?
2, 7, 241
Suppose 5*i - 5 = w - 12, 5*w + 5*i - 35 = 0. Let t be (-10)/w + 4 + (-3)/(-7). What are the prime factors of (1 - t) + 3 - (-57 - 2)?
2, 3, 5
Suppose -2*x + 832 - 4874 = -2*z, -5*z - 4*x + 10051 = 0. What are the prime factors of z?
5, 13, 31
Suppose -22*r - 67716 + 112038 = -211494. What are the prime factors of r?
2, 3, 17, 19
Let j(t) = 7*t**2 - 86*t - 1169. List the prime factors of j(-43).
2, 967
Let a(h) = 9*h - 33. Suppose -4*w - 7*z = -2*z + 350, 4*w = -3*z - 354. Let j be (-3)/6 - w/12. List the prime factors of a(j).
2, 3, 5
Let v be ((-26)/(-6))/((-1)/(3/(-1))). Let p = v + -9. Suppose -p*l + 92 = -184. List the prime factors of l.
3, 23
Let a(r) = 21*r**2 - 35*r + 127. List the prime factors of a(11).
3, 761
Let i = -6790 + 18777. What are the prime factors of i?
11987
Let h(x) = 41*x + 1. Let y be h(19). Let p = y - 530. List the prime factors of p.
2, 5
Let p(g) = 2584*g + 116. What are the prime factors of p(3)?
2, 7, 281
Let k(v) = 11*v - 173. Suppose 0 = -20*a + 649 - 89. List the prime factors of k(a).
3, 5
Let f(n) = n + 49. Suppose 4*o - 5*u + u = -40, -25 = o - 4*u. List the prime factors of f(o).
2, 11
What are the prime factors of (-23)/(345/(-10)) + (-29920)/(-3)?
2, 4987
Let m = 6 + 6. Suppose 9*f - 11*f - m = 0. What are the prime factors of 3*(f/(-15) - 4/(-15))?
2
Let o(a) = 2*a + 21. Let r be o(-23). Let k(j) = j**3 + 25*j**2 - j + 127. List the prime factors of k(r).
2, 19
Suppose 260*o - 285*o - 332133 = -1785783. What are the prime factors of o?
2, 3, 11, 881
Let q = 652 - -461. Suppose 0 = -4*m - q + 321. Let p = -107 - m. What are the prime factors of p?
7, 13
Let s(r) = -62*r**2 - r + 8. Let k be s(-4). Let j = k - -1375. What are the prime factors of j?
5, 79
Let q(k) = 4*k**2 + 61*k + 117. Let b be q(-13). Let x be 549 + 0 - -1*1. Suppose -i + 4*i = 2*t + 332, b = 5*i - 4*t - x. What are the prime factors of i?
2, 3, 19
Let o = 24 + -10. Let t = -11 + o. Suppose 2*x + 29 - 5 = 3*d, 3*d - 24 = t*x. What are the prime factors of d?
2
Let w(r) = 17*r**2 - 29*r - 5. Let m(s) = -232*s + 111*s + 44 - 9 + 115*s. Let k be m(